{"id":44,"date":"2026-04-09T10:10:08","date_gmt":"2026-04-09T10:10:08","guid":{"rendered":"https:\/\/institut-de-labbaye.fr\/index.php\/luxotherapie-2\/"},"modified":"2026-04-09T10:10:15","modified_gmt":"2026-04-09T10:10:15","slug":"luxotherapie-2","status":"publish","type":"page","link":"https:\/\/institut-de-labbaye.fr\/index.php\/luxotherapie-2\/","title":{"rendered":"Luxoth\u00e9rapie"},"content":{"rendered":"\n   \n    <section class=\"u-clearfix u-image u-section-1\" id=\"sec-5761\" data-image-width=\"2000\" data-image-height=\"1333\" style=\"background-image: url(&quot;https:\/\/institut-de-labbaye.fr\/wp-content\/uploads\/2026\/04\/luxotherapie_paris.jpg&quot;);\">\n      <div class=\"u-clearfix u-sheet u-valign-middle-md u-sheet-1\">\n        <img decoding=\"async\" class=\"u-image u-image-circle u-image-contain u-image-1\" src=\"https:\/\/institut-de-labbaye.fr\/wp-content\/uploads\/2026\/04\/LogoSochic.png\" alt=\"\" data-image-width=\"1440\" data-image-height=\"1920\">\n        <div class=\"u-container-style u-group u-group-1\">\n          <div class=\"u-container-layout u-valign-top u-container-layout-1\">\n            <h1 class=\"u-custom-font u-heading-font u-text u-text-white u-title u-text-1\">Luxoth\u00e9rapie<\/h1>\n            <p class=\"u-large-text u-text u-text-variant u-text-white u-text-2\">\u00e0 l'institut de beaut\u00e9 mixte So Chic&nbsp;<br>situ\u00e9 dans le&nbsp;6\u00e8me arrondissement \u00e0 Paris\n            <\/p>\n            <a href=\"https:\/\/nicepage.com\/landing-page\" class=\"u-active-white u-btn u-button-style u-hover-white u-palette-1-base u-text-active-black u-text-hover-black u-btn-1\">En savoir +<\/a>\n          <\/div>\n        <\/div>\n      <\/div>\n    <\/section>\n    <section class=\"u-align-left u-clearfix u-section-2\" id=\"sec-c3b5\">\n      <div class=\"u-clearfix u-sheet u-sheet-1\">\n        <div class=\"fr-view u-clearfix u-rich-text u-text u-text-1\">\n          <h1 style=\"text-align: left; line-height: 0.8;\">Qu'est ce la Luxopuncture ?<\/h1>\n          <p style=\"text-align: left; line-height: 0.8;\">\n            <br>\n          <\/p>\n          <p style=\"text-align: left;\">La Luxopuncture\u00ae est une technologie r\u00e9flexe par rayonnement infrarouge qui s\u2019inscrit dans la lign\u00e9e des techniques \u00e9nerg\u00e9tiques ancestrales.<\/p>\n          <p>Elle est novatrice, non invasive et douce. La stimulation des points r\u00e9flexes avec l\u2019infrarouge a pour objectif de &nbsp;r\u00e9tablir l\u2019\u00e9quilibre fonctionnel de l\u2019organisme en agissant sur les syst\u00e8mes : hormonal, digestif et lymphatique.<\/p>\n          <p>Or, les contrari\u00e9t\u00e9s et le stress de la vie quotidienne peuvent perturber le syst\u00e8me endocrinien et provoquer divers troubles : mal-\u00eatre, tensions, compulsions (fringales, envie de fumer\u2026).<\/p>\n        <\/div>\n      <\/div>\n    <\/section>\n    <section class=\"u-clearfix u-palette-1-light-3 u-section-3\" id=\"sec-d816\">\n      <div class=\"u-clearfix u-sheet u-valign-middle u-sheet-1\">\n        <div class=\"custom-expanded u-align-left u-left-0 u-video u-video-1\">\n          <div class=\"embed-responsive embed-responsive-1\">\n            <iframe style=\"position: absolute;top: 0;left: 0;width: 100%;height: 100%;\" class=\"embed-responsive-item\" src=\"https:\/\/www.youtube.com\/embed\/4zIVDKRybRY?mute=0&amp;showinfo=0&amp;controls=0&amp;start=0\" frameborder=\"0\" allowfullscreen=\"\"><\/iframe>\n          <\/div>\n        <\/div>\n      <\/div>\n    <\/section>\n    <section class=\"u-clearfix u-image u-shading u-section-4\" id=\"carousel_191b\" style=\"background-image: linear-gradient(0deg, rgba(255, 255, 255, 0.65), rgba(255, 255, 255, 0.65)), url(&quot;https:\/\/institut-de-labbaye.fr\/wp-content\/uploads\/2026\/04\/eb2ed1ba-05cd-04e3-ecae-7d80d4432e34.jpg&quot;);\">\n      <div class=\"u-clearfix u-sheet u-sheet-1\">\n        <div class=\"data-layout-selected u-clearfix u-expanded-width-md u-expanded-width-sm u-expanded-width-xs u-layout-wrap u-layout-wrap-1\">\n          <div class=\"u-gutter-0 u-layout\">\n            <div class=\"u-layout-row\">\n              <div class=\"u-black u-container-style u-layout-cell u-left-cell u-right-cell u-size-60 u-layout-cell-1\">\n                <div class=\"u-container-layout u-valign-middle-sm u-valign-middle-xs\">\n                  <div class=\"u-align-center-lg u-align-center-md u-align-center-xl u-align-center-xs u-border-1 u-border-white u-container-style u-group u-group-1\">\n                    <div class=\"u-container-layout u-valign-middle-md u-valign-top-lg u-valign-top-xl u-valign-top-xs u-container-layout-2\">\n                      <h2 class=\"u-align-center-lg u-align-center-sm u-align-center-xl u-align-center-xs u-text u-text-1\">R\u00e9servez une s\u00e9ance<\/h2>\n                      <div class=\"u-border-3 u-border-white u-line u-line-horizontal u-line-1\"><\/div>\n                      <p class=\"u-align-center-sm u-align-center-xs u-text u-text-2\">Our clients are important to us, so we continually train our therapists to ensure that all treatments are of the highest standard and that each client receives the best care\u2019 <\/p>\n                      <div class=\"u-form u-form-1\">\n                        <form action=\"https:\/\/forms.nicepagesrv.com\/v2\/form\/process\" class=\"u-block-81a9-12 u-clearfix u-form-spacing-15 u-form-vertical u-inner-form\" source=\"email\"><!-- hidden inputs for siteId and pageId -->\n                          <div class=\"u-form-group u-form-name\">\n                            <label for=\"name-8f21\" class=\"u-form-control-hidden u-label\">Name<\/label>\n                            <input type=\"text\" placeholder=\"Nom\" id=\"name-8f21\" name=\"name\" class=\"u-input u-input-rectangle\" required=\"\">\n                          <\/div><!-- always visible -->\n                          <div class=\"u-form-email u-form-group\">\n                            <label for=\"email-8f21\" class=\"u-form-control-hidden u-label\">Email<\/label>\n                            <input type=\"email\" placeholder=\"Email\" id=\"email-8f21\" name=\"email\" class=\"u-input u-input-rectangle\" required=\"\">\n                          <\/div>\n                          <div class=\"u-form-group u-form-message\">\n                            <label for=\"message-8f21\" class=\"u-form-control-hidden u-label\">Message<\/label>\n                            <textarea placeholder=\"Enter your message\" rows=\"4\" cols=\"50\" id=\"message-8f21\" name=\"message\" class=\"u-input u-input-rectangle\" required=\"\"><\/textarea>\n                          <\/div>\n                          <div class=\"u-align-left u-form-group u-form-submit u-form-group-4\">\n                            <a href=\"#\" class=\"u-btn u-btn-submit u-button-style u-palette-4-base u-btn-1\">ENVOYER<\/a>\n                            <input type=\"submit\" value=\"submit\" class=\"u-form-control-hidden\">\n                          <\/div>\n                          <div class=\"u-form-send-message u-form-send-success\"> Thank you! Your message has been sent. <\/div>\n                          <div class=\"u-form-send-error u-form-send-message\"> Unable to send your message. Please fix errors then try again. <\/div>\n                          <input type=\"hidden\" value=\"\" name=\"recaptchaResponse\">\n                          <input type=\"hidden\" name=\"formServices\" value=\"2aafd0aa-a116-351e-e7f6-bacfd178d012\">\n                        <\/form>\n                      <\/div>\n                    <\/div>\n                  <\/div>\n                <\/div>\n              <\/div>\n            <\/div>\n          <\/div>\n        <\/div>\n      <\/div>\n    <\/section>\n    \n    \n    \n    \n  \n","protected":false},"excerpt":{"rendered":"<p>Luxoth\u00e9rapie \u00e0 l&rsquo;institut de beaut\u00e9 mixte So Chic&nbsp;situ\u00e9 dans le&nbsp;6\u00e8me arrondissement \u00e0 Paris En savoir + Qu&rsquo;est ce la Luxopuncture ? La Luxopuncture\u00ae est une technologie r\u00e9flexe par rayonnement infrarouge qui s\u2019inscrit dans la lign\u00e9e des techniques \u00e9nerg\u00e9tiques ancestrales. Elle est novatrice, non invasive et douce. La stimulation des points r\u00e9flexes avec l\u2019infrarouge a pour &hellip; <a href=\"https:\/\/institut-de-labbaye.fr\/index.php\/luxotherapie-2\/\" class=\"more-link\">Continue reading<span class=\"screen-reader-text\"> \u00ab\u00a0Luxoth\u00e9rapie\u00a0\u00bb<\/span><\/a><\/p>\n","protected":false},"author":1,"featured_media":0,"parent":0,"menu_order":3,"comment_status":"closed","ping_status":"closed","template":"","meta":{"footnotes":""},"class_list":["post-44","page","type-page","status-publish","hentry"],"_links":{"self":[{"href":"https:\/\/institut-de-labbaye.fr\/index.php\/wp-json\/wp\/v2\/pages\/44","targetHints":{"allow":["GET"]}}],"collection":[{"href":"https:\/\/institut-de-labbaye.fr\/index.php\/wp-json\/wp\/v2\/pages"}],"about":[{"href":"https:\/\/institut-de-labbaye.fr\/index.php\/wp-json\/wp\/v2\/types\/page"}],"author":[{"embeddable":true,"href":"https:\/\/institut-de-labbaye.fr\/index.php\/wp-json\/wp\/v2\/users\/1"}],"replies":[{"embeddable":true,"href":"https:\/\/institut-de-labbaye.fr\/index.php\/wp-json\/wp\/v2\/comments?post=44"}],"version-history":[{"count":1,"href":"https:\/\/institut-de-labbaye.fr\/index.php\/wp-json\/wp\/v2\/pages\/44\/revisions"}],"predecessor-version":[{"id":52,"href":"https:\/\/institut-de-labbaye.fr\/index.php\/wp-json\/wp\/v2\/pages\/44\/revisions\/52"}],"wp:attachment":[{"href":"https:\/\/institut-de-labbaye.fr\/index.php\/wp-json\/wp\/v2\/media?parent=44"}],"curies":[{"name":"wp","href":"https:\/\/api.w.org\/{rel}","templated":true}]}}